{"id":7778,"date":"2014-04-23T10:38:38","date_gmt":"2014-04-23T10:38:38","guid":{"rendered":"http:\/\/lawyers-attorneys.vamtam.com\/?page_id=7778"},"modified":"2026-04-28T13:38:57","modified_gmt":"2026-04-28T11:38:57","slug":"about","status":"publish","type":"page","link":"https:\/\/www.rechtsanwalt-bremerhaven.de\/","title":{"rendered":"Kanzlei"},"content":{"rendered":"<div class=\"row \"><div class=\"wpv-grid grid-1-1  wpv-first-level first unextended\" style=\"padding-top:0px;padding-bottom:0px\" id=\"about-content\" ><\/div><\/div>\n<div class=\"push\" style='height:30px'><\/div>\n\t\t<h2 class=\"text-divider-double\">\t\t\t\nHERZLICH WILLKOMMEN\t\t<\/h2>\t\t<div class=\"sep\"><\/div>\t\n<div class=\"row \"><div class=\"wpv-grid grid-1-1  wpv-first-level first unextended animation-from-bottom animated-active\" style=\"padding-top:0px;padding-bottom:0px\" id=\"wpv-column-53e66c2e0b73676848dde505372587df\" ><div class=\"row \"><div class=\"wpv-grid grid-1-1  first unextended\" style=\"padding-top:0px;padding-bottom:0px\" id=\"wpv-column-165b0360cd4514fc64d593ea7144849d\" ><div class=\"push\" style='height:20px'><\/div><\/div><\/div>\n<div class=\"row \"><div class=\"wpv-grid grid-1-1  first unextended animation-from-bottom animated-active\" style=\"padding-top:0px;padding-bottom:0px\" id=\"wpv-column-cb887cee531a278273bfd08412374174\" ><div class=\"absatz\">Die Rechtsanwaltskanzlei wurde am 1. Januar 1991 von Rechtsanwalt Klaus J\u00fcrgen Meyer als \u00fcber\u00f6rtliche Soziet\u00e4t mit Sitz in Bremerhaven (Bundesland Bremen) und Ludwigslust (Bundesland Mecklenburg-Vorpommern) gegr\u00fcndet.<\/p>\n<\/div>\n<div class=\"absatz\">Beide Kanzleien wurden ab dem 1. Januar 1993 verselbst\u00e4ndigt, wobei Rechtsanwalt Meyer die Bremerhavener Kanzlei bis zum 30. September 1994 f\u00fchrte.<\/div>\n<div class=\"absatz\">Am 1. Oktober 1994 ist Rechtsanwalt Thomas Domanski in die Kanzlei eingetreten.<\/div>\n<div class=\"absatz\">Zun\u00e4chst hatten die Rechtsanw\u00e4lte Meyer und Domanski in einer B\u00fcrogemeinschaft zusammengearbeitet. Zum 1. Januar 1999 haben sich die beiden Rechtsanw\u00e4lte zu einer gemeinsamen Soziet\u00e4t zusammengeschlossen.<\/p>\n<\/div>\n<div class=\"absatz\">Zum 1. Mai 2011 ist Rechtsanwalt Roman Sagowski in die Kanzlei eingetreten &#8211; zun\u00e4chst im Rahmen einer Zusammenarbeit als B\u00fcrogemeinschaft mit der Soziet\u00e4t Meyer &#038; Domanski. Der Eintritt von Herrn Sagowski in die Soziet\u00e4t, die seither unter der Bezeichnung Rechtsanw\u00e4lte Meyer, Domanski &#038; Sagowski in Bremerhaven ihre Dienstleistungen im Gebiet der Rechtsberatung anbietet, erfolgte am 1. Januar 2013.<\/p>\n<\/div>\n<div class=\"absatz\">Seit dem 1. Mai 1999 hat die Kanzlei am Elbinger Platz 1 im Hafenhaus in Bremerhaven-Geestem\u00fcnde (vormals Schillerstra\u00dfe 9) ihren Sitz.<\/div><\/div><\/div>\n<div class=\"row \"><div class=\"wpv-grid grid-1-1  first unextended\" style=\"padding-top:0px;padding-bottom:0px\" id=\"wpv-column-e97ce97722c979cc2c3cd0c6f4238230\" ><div class=\"push\" style='height:50px'><\/div><\/div><\/div><\/div><\/div>\n<div class=\"sep\"><\/div>\n","protected":false},"excerpt":{"rendered":"<p>Die Rechtsanwaltskanzlei wurde am 1. Januar 1991 von Rechtsanwalt Klaus J\u00fcrgen Meyer als \u00fcber\u00f6rtliche Soziet\u00e4t mit Sitz in Bremerhaven (Bundesland Bremen) und Ludwigslust (Bundesland Mecklenburg-Vorpommern) gegr\u00fcndet. Beide Kanzleien wurden ab dem 1. Januar 1993 verselbst\u00e4ndigt, wobei Rechtsanwalt Meyer die Bremerhavener Kanzlei bis zum 30. September 1994 f\u00fchrte. Am 1. Oktober 1994 ist Rechtsanwalt Thomas Domanski&#8230;<\/p>\n","protected":false},"author":1,"featured_media":0,"parent":0,"menu_order":0,"comment_status":"closed","ping_status":"closed","template":"","meta":[],"_links":{"self":[{"href":"https:\/\/www.rechtsanwalt-bremerhaven.de\/index.php\/wp-json\/wp\/v2\/pages\/7778"}],"collection":[{"href":"https:\/\/www.rechtsanwalt-bremerhaven.de\/index.php\/wp-json\/wp\/v2\/pages"}],"about":[{"href":"https:\/\/www.rechtsanwalt-bremerhaven.de\/index.php\/wp-json\/wp\/v2\/types\/page"}],"author":[{"embeddable":true,"href":"https:\/\/www.rechtsanwalt-bremerhaven.de\/index.php\/wp-json\/wp\/v2\/users\/1"}],"replies":[{"embeddable":true,"href":"https:\/\/www.rechtsanwalt-bremerhaven.de\/index.php\/wp-json\/wp\/v2\/comments?post=7778"}],"version-history":[{"count":1,"href":"https:\/\/www.rechtsanwalt-bremerhaven.de\/index.php\/wp-json\/wp\/v2\/pages\/7778\/revisions"}],"predecessor-version":[{"id":19284,"href":"https:\/\/www.rechtsanwalt-bremerhaven.de\/index.php\/wp-json\/wp\/v2\/pages\/7778\/revisions\/19284"}],"wp:attachment":[{"href":"https:\/\/www.rechtsanwalt-bremerhaven.de\/index.php\/wp-json\/wp\/v2\/media?parent=7778"}],"curies":[{"name":"wp","href":"https:\/\/api.w.org\/{rel}","templated":true}]}}